i = 11*i - 68. What are the prime factors of i?
2, 17
Let m(y) be the third derivative of -y**6/120 - y**5/12 + 5*y**4/12 + 10*y**3/3 - 14*y**2. What are the prime factors of m(-8)?
2, 3, 11
Suppose -3*a - a = -20. Let b be a/(16/12 - 1). Suppose 84 = 3*d + b. What are the prime factors of d?
23
Suppose 2*i - 139 = -g - 2*g, -3*i + 4*g + 183 = 0. Suppose -2*v = -2*l - 102, 3*v + 3*l = 100 + i. What are the prime factors of v?
53
Let a be 6/4*-1*1*-2. What are the prime factors of a/(-18) - 1839/(-18)?
2, 3, 17
Suppose -4*y + 38 = q + y, y = 5*q - 268. What are the prime factors of q?
53
Suppose -4 = -t + 2. Let g(v) be the third derivative of v**5/60 + v**4/24 + 5*v**3/6 - 9*v**2. What are the prime factors of g(t)?
47
Let d = -72 - -77. Suppose -5*y - 4*t = -184, 9*t = y + d*t - 32. What are the prime factors of y?
2, 3
Let r be (-59 - 1)/(-3) + -4. Let b = r - 16. Suppose 7*c - 4*c - 120 = b. List the prime factors of c.
2, 5
Suppose 29*k - 27*k + 376 = 0. Let s = k - -297. What are the prime factors of s?
109
Suppose -29*h + 56199 = 10*h. What are the prime factors of h?
11, 131
Let z be 4*3/24*-4. Let k(u) = 22*u**2 - 2*u - 2. List the prime factors of k(z).
2, 3, 5
Let z(i) = -i**2 + 10*i - 19. Let g be z(6). What are the prime factors of (-1)/(-5) + g + (-836)/(-20)?
47
Let j = 37 + -37. Suppose j*v = 5*v - 215. What are the prime factors of v?
43
Suppose 35 = 4*j - 29. What are the prime factors of ((-36)/j)/(-3)*232?
2, 3, 29
Let d = 12 + -9. Suppose 2*n - 22 = -4*y, 0 = -5*n - 5*y + 38 - d. Suppose n*j = -2*j + 105. What are the prime factors of j?
3, 7
Suppose 0 = -3*x - x + 36. List the prime factors of (-2157)/(-27) - (-1)/x.
2, 5
Let k = -7 - -6. Let b = -8 - k. Let r = b - -27. List the prime factors of r.
2, 5
Let r(d) = d**3 + 24*d**2 - 31*d - 92. What are the prime factors of r(-18)?
2, 5, 241
Suppose -4*i = -a + 5*a + 12, 4*a = 4*i + 20. Let z = i - -6. Suppose -z*b + 12 - 2 = 0. What are the prime factors of b?
5
Let n(c) = -c**3 - 16*c**2 + 5*c - 19. Let y be 2*(-1)/(10/85). What are the prime factors of n(y)?
5, 37
Let m = -5 - -11. Let y = 240 - 125. Suppose m*x = x + y. What are the prime factors of x?
23
Let z(o) = -14 - 14 - o**2 + 12*o + 28. Let h be z(12). Suppose i + 4*b - 26 = h, 3*b + 40 = -4*i + 5*i. List the prime factors of i.
2, 17
Suppose -u - 8 = -3*u. Let w = -3 - -3. Suppose w = -u*j - 5*h + 18, 3*h - 8 = -2*j + 2. What are the prime factors of j?
2
Let k(t) = -t**3 - 7*t**2 + 9*t + 10. Let s be k(-8). Suppose -s*b + 20 = 3*b. What are the prime factors of b/22 - (-546)/22?
5
Suppose 4*a = -3*d + 22, 10 - 4 = 3*d. Suppose -5*v = -4 - 11. List the prime factors of a*(58/8 - v).
17
Suppose 4*i - 3*p + p = -18, -5*i - 20 = -2*p. Let g be 645/(-15) + (-2)/i. What are the prime factors of (-132)/g - (-1)/(-7)?
3
Suppose -64*z + 55218 = -23374. What are the prime factors of z?
2, 307
Suppose w - 274 = -5*p, 3*w - 600 = w + 3*p. Let u = w + 13. Suppose 0 = 5*f - 93 - u. What are the prime factors of f?
2, 5
Let q(z) = z**3 + 21*z**2 + 5*z - 45. Let k be q(-21). Let b = -99 - k. What are the prime factors of b?
3, 17
Suppose 2*i + 4*i - 29436 = 0. List the prime factors of i.
2, 11, 223
Suppose 5*z - 15 = 10. Suppose -73 = -z*o - 5*y + 157, 4*o + 5*y - 184 = 0. Suppose 22 = 4*m - o. List the prime factors of m.
17
Let o(r) = r**3 + 3*r**2 - 3*r + 230. List the prime factors of o(0).
2, 5, 23
Let h be 3*(3/(-1) + 4). Suppose p - 3 = 0, h*w = 2*p - 4*p + 93. What are the prime factors of w?
29
Let b = -632 + 691. Let o(j) = 30*j**2. Let x be o(-1). Let w = b - x. What are the prime factors of w?
29
Suppose -4*a + 2*n - 3*n + 86 = 0, -3*a + 59 = -2*n. Suppose -5*x + a = -4. Suppose p - 42 = -5*l, -x*l + 43 = p - l. What are the prime factors of p?
47
Suppose -4*g - 14 = -2*g. Let d(z) = 4*z + 7. Let v(l) = -8*l - 14. Let x(h) = g*d(h) - 4*v(h). What are the prime factors of x(7)?
5, 7
Suppose 3*h + 6 = -0*h, -5*h + 33 = k. Let j = k - 7. List the prime factors of j.
2, 3
Suppose -60 - 70 = 5*s. Let y be (-8)/52 - 108/s. Let c(f) = 6*f + 3. List the prime factors of c(y).
3
List the prime factors of -2 - -128 - (-20 + 16).
2, 5, 13
Suppose 4*z = 16*d - 17*d + 966, -3*z = 15. What are the prime factors of d?
2, 17, 29
Suppose 3*o - 9 + 0 = 0. Suppose -o*v + 21 = -6. List the prime factors of v.
3
Suppose 0 = -3*o + 12 + 6. List the prime factors of 279/15 - o/(-15).
19
Suppose 9012 = 16*b + 2628. Let l = b - 99. What are the prime factors of l?
2, 3, 5
Suppose 30*p - 28*p + 12094 = 4*u, -3027 = -u + 4*p. What are the prime factors of u?
3023
Let b(j) = j**2 - 6*j - 4. Let q be b(4). Let f be ((-20)/(-15) - 1)*(2 + 4). What are the prime factors of q/(-8) + 15/f?
3
Let s be (6/2)/(15/525). Suppose -5*j = 5*v - s, 7*j = 2*j + 2*v + 77. What are the prime factors of j?
17
Let l(n) = -n + 5. Let y be l(0). Suppose 0 = y*t - 3*t - 40. Suppose -5*m + 5*s + 60 = -t, -4*m = -2*s - 58. What are the prime factors of m?
13
Let w(y) = -11*y + 1368. List the prime factors of w(60).
2, 3, 59
Suppose -2*o + 6*o = 16, 3*o = 5*h - 33. Let s be (h/27)/((-1)/(-6)). Suppose -3*t = -s*t - 21. What are the prime factors of t?
3, 7
Suppose -10*l - 819 = -l. Let c = -72 - l. List the prime factors of c.
19
What are the prime factors of (424/(-6))/((-2)/12)?
2, 53
What are the prime factors of ((-741)/52)/((-3)/64)?
2, 19
Suppose -9*o + 4*x - 347 = -12*o, -2*x = -2*o + 222. Suppose -5*q + 20 = 5*j, 0 = -4*q + 3*j - 3 - 9. Suppose q = -2*h - 21 + o. List the prime factors of h.
2, 23
Suppose 10*d - 73 - 27 = 0. What are the prime factors of d?
2, 5
Suppose 2*r = 8, 3*r - 479 + 132 = -l. Suppose 4*p - 5*a = 286 - 27, 0 = 5*p - 4*a - l. Let g = p + -45. What are the prime factors of g?
2, 13
Let b = 78 + -73. Suppose 2*c - v - 19 = 66, 3*v = -b*c + 185. What are the prime factors of c?
2, 5
Suppose -9 = 3*b + 3. What are the prime factors of (-50)/b*(-10 - -12)?
5
Suppose 0 = 5*i + 3*c - 329, -80 = -2*i + c + 56. Let z = -39 + i. What are the prime factors of z?
2, 7
Suppose -3*w + 200 - 188 = 0. Let k be 152 + (-2 + 2)/(-2). Suppose 5*y - 4*i - k = 0, -i = -3*y + w*i + 86. What are the prime factors of y?
2
Let m(n) = -2*n + 11. List the prime factors of m(-24).
59
Let i(j) = j**2 + 9*j - 12. Let h be i(-11). Let y = h - -38. What are the prime factors of y?
2, 3
Let z = 611 + 2964. What are the prime factors of z?
5, 11, 13
Suppose -3*v + 7 + 20 = 0. Let a(l) = 22 - v*l + 9*l + l. What are the prime factors of a(-9)?
13
Let w be (-1)/(1/2) + (-10)/(-2). Suppose 60 = -0*a + a + 3*x, -15 = w*x. What are the prime factors of a?
3, 5
What are the prime factors of 4503/12 + (-5)/(-80)*12?
2, 47
Let v = -162 - -429. List the prime factors of v.
3, 89
Let h = 663 - 16. What are the prime factors of h?
647
Let j(u) = u**2 + 9*u + 3. Let n be j(-14). Suppose c = 5 + n. List the prime factors of c.
2, 3, 13
Let q = -55 + 56. What are the prime factors of (-3381)/(-84) + q/(-4)?
2, 5
Suppose -3*s + 3*c + 651 = 0, 0*s + 4*c - 452 = -2*s. Suppose 0 = 16*a - 12*a - s. List the prime factors of a.
5, 11
Suppose 2385 - 22509 = -13*a. Suppose 9*i + 0*i - a = 0. What are the prime factors of i?
2, 43
Let m be 1*((-16)/12)/(5/45). List the prime factors of 10/60 - 2098/m.
5, 7
Let b(f) be the second derivative of 8*f**2 + 0 + 5*f + 1/6*f**3 - 1/12*f**4. List the prime factors of b(0).
2
Suppose 4*w + 0 = -s - 17, -5 = w. Suppose -4*m = -g + s*g - 20, -5*g - 10 = -5*m. List the prime factors of 1672/77 + g/7.
2, 11
Let h(p) = -732*p - 90. List the prime factors of h(-3).
2, 3, 13
Let y = 81 - 81. Suppose -5*a + 800 + 100 = y. What are the prime factors of a?
2, 3, 5
Let d = 623 - 289. Let n = -231 + d. List the prime factors of n.
103
Let j be 0 + (-5 - -4) + -32. Let m = -17 - j. What are the prime factors of m?
2
Suppose -1921 = -4*o + 243. What are the prime factors of o?
541
Suppose 20 = 5*c, 20*a + 4*c + 10104 = 24*a. List the prime factors of a.
2, 5, 11, 23
Let k(c) = c**3 - 6*c**2 - 32*c + 7. Suppose -7*o + 5*o + 22 = -4*g, -4*o - 5*g = -44. List the prime factors of k(o).
2, 5, 13
Suppose -2*u + u = 4*w - 18, -2*u + 12 = 2*w. Let b = u - -3. Suppose h + 2*c - 6 = 1, -4*c + 29 = b*h. List the prime factors of h.
5
Suppose 0 = -0*x + 4*x. Suppose 4*c =